- 7. What are the prime factors of (-219)/a - 2/(-5)?
3, 5
Suppose 265 = 2*w - 23. What are the prime factors of w?
2, 3
Let q(f) = f**2 - 9*f + 16. What are the prime factors of q(7)?
2
Let r(s) = -s**2 - s + 77. List the prime factors of r(0).
7, 11
Suppose 13*o = 18*o - 615. What are the prime factors of o?
3, 41
Let k be 2 + (-6)/(4/4). List the prime factors of (-3)/6 - 78/k.
19
Suppose -4*q + 3*h = -164, -h + 70 = 2*q - 22. Suppose 2*r + 4 = q. What are the prime factors of r?
2, 5
Let h = -25 + 19. What are the prime factors of ((-32)/h)/((-2)/(-6))?
2
Let h(q) = -2 - 4*q**2 + 2*q - q**3 - 9*q - 2 + 0*q. What are the prime factors of h(-4)?
2, 3
Let f(q) = 7*q**3 - 1. Let s be (-4)/((-12)/(-9)) - -4. What are the prime factors of f(s)?
2, 3
List the prime factors of (-12)/60 - (-1122)/10.
2, 7
What are the prime factors of -4 + -1 - -2 - -85*1?
2, 41
Let v(b) = -b**3 - 10*b**2 + 3*b + 4. List the prime factors of v(-12).
2
Let u be (-6)/10 + 4/(-10). Let t = -1 - u. Suppose f - 16 + 6 = t. What are the prime factors of f?
2, 5
Suppose 21 = -21*l + 24*l. What are the prime factors of l?
7
Suppose 7*s - 4*h - 752 = 3*s, h = 3. What are the prime factors of s?
191
Let g(y) = y**3 - 7*y + 5. What are the prime factors of g(4)?
41
Let p(t) = -15*t - 10. List the prime factors of p(-7).
5, 19
List the prime factors of 60/(-2)*(-11)/33.
2, 5
Let v(z) = z**3 + 7*z**2 + 2*z - 8. What are the prime factors of v(-5)?
2
Let y = 313 + -195. What are the prime factors of y?
2, 59
Let j(f) = 2*f - 12. Let x(h) = 5*h - 24. Let o(a) = -9*j(a) + 4*x(a). What are the prime factors of o(9)?
2, 3, 5
Suppose -2*y - 37 = -h, 0*h - 3*y = 3*h - 156. What are the prime factors of h?
47
Let s(j) = j - 1. Let a be s(5). Suppose -3*f + 4*l + 90 = a, -l = 5*f - 105. List the prime factors of f.
2, 11
Let t be 0/3 + -1 - -3. Suppose -50 = -t*y - 0*y. Suppose -2*s - 3*s = -5*d - y, 4*s + 4*d - 20 = 0. What are the prime factors of s?
5
List the prime factors of (-1 - 75/9)/(2/(-3)).
2, 7
Suppose 3*u = -2*a + 7 - 1, 0 = u + a - 3. Suppose u = n - 4*n - 18. Let j = 4 - n. What are the prime factors of j?
2, 5
Let p(r) = -10*r + 0*r**2 + 3*r**2 + 7 - r**3 + 8*r**2. Let h = 5 + 5. What are the prime factors of p(h)?
7
Let c(w) = -7*w**2 + w + 5. Let s(g) = -3*g**2 + 2. Let o(z) = -2*c(z) + 5*s(z). Let r be o(3). Let i = -5 - r. List the prime factors of i.
2, 5
Suppose -v + 3*v = 2. Let y = 9 - v. What are the prime factors of y?
2
Let h(g) = g**3 - 4*g**2 - 5*g + 1. Let c be h(5). Suppose -n - c = -0. What are the prime factors of -2*n*5/2?
5
Let u = 2 + 1. What are the prime factors of u?
3
Let o(y) = y. Let t be o(5). Suppose 27 = t*v - 48. List the prime factors of v.
3, 5
Let k = -42 - -70. List the prime factors of k.
2, 7
Let i(o) be the second derivative of -1/6*o**4 + 2*o + 0 + 0*o**3 + 13/20*o**5 + 1/2*o**2. List the prime factors of i(1).
2, 3
Let n(x) = -x + 15. Suppose -2*k = -5*a - 25, 20 = k - a - 3*a. What are the prime factors of n(k)?
3, 5
Let v be 2 - (-1 + 0 - 2). Let f be (6 - (-8)/(-2)) + 2. Let j = v + f. List the prime factors of j.
3
Let u = -8 - -18. What are the prime factors of (-82)/(-10) - 2/u?
2
Let m(d) = 154 - 154 - d. Suppose -b - b - 12 = 0. What are the prime factors of m(b)?
2, 3
Let n(a) = -a + 1. Let r be n(7). Let v = r + -12. What are the prime factors of 2/4*(-4 - v)?
7
Let h = -24 - -43. Let x = -14 + h. List the prime factors of x.
5
Let p(s) = 3*s**2. Let a be p(1). Let v(g) = -4*g + 3 + 2*g**3 - 1 - g**2 - g**3. List the prime factors of v(a).
2
Let w(g) = 3*g - 5. Let m be w(4). Let l = 35 - m. What are the prime factors of l?
2, 7
Let a be (-16)/28 - 5728/(-28). Suppose 4 = -4*d + a. What are the prime factors of d?
2, 5
Let p be ((-4)/(-6))/(8/60). Let r = -2 + p. List the prime factors of r.
3
Let c(w) be the third derivative of -w**4/24 + 7*w**3/3 - w**2. What are the prime factors of c(0)?
2, 7
Suppose 6*u - 1562 + 92 = 0. List the prime factors of u.
5, 7
Let t(j) = -15*j + 2. List the prime factors of t(-1).
17
Suppose -3*p + 4 = 4*y, 2*p = -3*y - 2*y + 12. Let k = -4 + y. Suppose -3*x + 4*x - 7 = k. What are the prime factors of x?
7
Let i = -20 - -22. Let o = 10 + 0. Let n = o + i. List the prime factors of n.
2, 3
Let s(k) = -k**2 + 9*k - 2. Let i be s(9). Let p(f) = -f**2 - 3*f - 1. Let u be p(i). Let d = u - -1. What are the prime factors of d?
2
Let t = -113 + 216. Suppose t - 9 = 2*v. What are the prime factors of v?
47
Let n(o) be the third derivative of -o**6/120 + o**5/15 - o**4/8 + 2*o**3/3 + 2*o**2. Let q be n(3). What are the prime factors of (q/(-5))/(5/(-25))?
2
Let k = 0 + 4. What are the prime factors of k?
2
Let l(g) = 54*g**2 - 6. List the prime factors of l(-2).
2, 3, 5, 7
Let l(n) = -n - 14. Let k be l(-10). Let t be (6/4)/(2/k). List the prime factors of 10 - (-2 - t)*3.
7
List the prime factors of 2*((-86)/(-4) - 3).
37
List the prime factors of -2 + 4 - (2 + -11).
11
Suppose -5*b - 8 = t + 25, -2*t - 30 = 4*b. Let h be (-4)/24 + 59/b. Let a = h + 17. What are the prime factors of a?
7
What are the prime factors of ((-188)/6)/(0 - (-8)/(-12))?
47
Suppose -11 = 2*m - 1. Let z = m + 9. Suppose 0 = z*w - 3*w - 12. What are the prime factors of w?
2, 3
Let j(a) = a**3 + 5*a**2 - 2*a. Let p be 47/(-9) - (-4)/18. List the prime factors of j(p).
2, 5
Let w = -4 + 9. Suppose -2*x + 4 = -4. Suppose x*q - 25 = -w. What are the prime factors of q?
5
Let s = -107 - -158. What are the prime factors of s?
3, 17
Let d(c) = 7*c - 5 + 1 + 4*c - 3. What are the prime factors of d(3)?
2, 13
Let n = 12 - 10. List the prime factors of (6/6)/(n/38).
19
Let u(y) = y**3 + 5*y**2 - 8*y - 6. Let w be u(-6). Suppose 0 = -2*j + w - 0. Let d = j + 1. What are the prime factors of d?
2
Suppose -2*c = -5*c. Suppose 19 = 5*j - 1. List the prime factors of 7 + j - (0 - c).
11
Let z(d) = 5*d**2 - 7. Let w(o) = 4*o**2 - o - 6. Let c(m) = 6*w(m) - 5*z(m). Let a be c(-3). Let k = -3 + a. List the prime factors of k.
5
Suppose -5 = -l - 2. What are the prime factors of 0 - (2 - l) - -5?
2, 3
Suppose 2*p - 6 = p. Suppose -2*o - p = -5*o. What are the prime factors of (-3 + o)/(-1) - -12?
13
Suppose 0 = -4*m + 12. Suppose -3*k + 4*r + 11 = 0, m*k + 2*r + 18 = 7*k. Suppose 0 = -4*t + 4*l + 48, -k*t = -l + 2*l - 54. What are the prime factors of t?
11
Suppose 2*t + 32 = -30. Let l = t + 48. List the prime factors of l.
17
Let y(h) = 4*h**2 + 4*h - 6. List the prime factors of y(-5).
2, 37
Let g(f) = f. Let w be g(2). What are the prime factors of -2 - 2*-9 - w?
2, 7
Suppose -3*b - 3*t - 37 = 38, -b = 2*t + 29. Suppose 0 = -2*p - 180 - 168. List the prime factors of p/b - (-4)/(-14).
2
Suppose -w + 53 = -0*w. What are the prime factors of w?
53
Let l be 2/(-4)*6 - -4. Suppose -2 + l = i. What are the prime factors of -8*(1 - (i - -3))?
2
Suppose 7*f = 3*f + 456. List the prime factors of f.
2, 3, 19
Let o(f) = 4*f + 19. What are the prime factors of o(5)?
3, 13
Suppose 6*y - 477 = 3*y. What are the prime factors of y?
3, 53
Suppose 5*b = 3*b. Let g = b - -6. List the prime factors of g.
2, 3
Suppose 4*j + 7 = -1, p + 2*j = -4. Suppose p*z + 4*m = -5*z - 26, z + 3*m + 3 = 0. List the prime factors of 1*4/z*-12.
2
Let j be 15 - (-5)/((-15)/9). Suppose 0 = x - 1 - j. List the prime factors of x.
13
Let w(m) = 48*m**3 - m. Let t be 4/(-10) + 7/5. What are the prime factors of w(t)?
47
Let i be (-1 - (2 + -2)) + 81. List the prime factors of (-2)/3 - i/(-3).
2, 13
Suppose 13*p - 6*p = 1169. List the prime factors of p.
167
Let y be (-2)/(-4)*(-3 + -11). Let l = 10 + y. Suppose 3*p - l = 12. List the prime factors of p.
5
Let q(s) = -11*s + 24. List the prime factors of q(-7).
101
What are the prime factors of ((-10)/4)/(1/(-12))?
2, 3, 5
Suppose 4*m + 14 = u, -3*u = -0*m + 4*m - 42. List the prime factors of 2 - (-7)/(u/12).
2
Suppose 0 = -v - 5*i + 2, -3*i + 6 = v + 2*v. Suppose -w - 3*u + 24 = 2*w, -v*w + 2*u = -8. List the prime factors of w.
2, 3
Let c(o) = o**2 - 23. What are the prime factors of c(11)?
2, 7
Let v = 16 - 22. Let n = -4 - v. List the prime factors of n.
2
Let y(t) be the first derivative of -t**4/12 + t**3/6 - t**2 - 1. Let c(w) be the second derivative of y(w). What are the prime factors of c(-8)?
17
Suppose t + 5 = 